{"id":104,"date":"2022-03-28T00:53:38","date_gmt":"2022-03-27T22:53:38","guid":{"rendered":"https:\/\/iona-wuppertal.de\/iona\/?page_id=104"},"modified":"2022-08-10T12:24:12","modified_gmt":"2022-08-10T10:24:12","slug":"geschichte-des-vereins","status":"publish","type":"page","link":"https:\/\/iona-wuppertal.de\/iona\/geschichte-des-vereins\/","title":{"rendered":"Geschichte des Vereins"},"content":{"rendered":"<div id='av_section_1'  class='avia-section av-h4lc-f1c2ee7055ca71d6b55c40dc539b797f main_color avia-section-default avia-no-border-styling  avia-builder-el-0  avia-builder-el-no-sibling  avia-bg-style-scroll container_wrap fullsize'  ><div class='container av-section-cont-open' ><main  role=\"main\" itemprop=\"mainContentOfPage\"  class='template-page content  av-content-full alpha units'><div class='post-entry post-entry-type-page post-entry-104'><div class='entry-content-wrapper clearfix'>\n\n<style type=\"text\/css\" data-created_by=\"avia_inline_auto\" id=\"style-css-av-11uzzc-bac5913bc0a1e1d3bbd6033d02135acc\">\n.flex_column.av-11uzzc-bac5913bc0a1e1d3bbd6033d02135acc{\npadding:3% 3% 3% 3%;\n}\n<\/style>\n<div  class='flex_column av-11uzzc-bac5913bc0a1e1d3bbd6033d02135acc av_one_full  avia-builder-el-1  avia-builder-el-no-sibling  first flex_column_div  '     ><p>\n<style type=\"text\/css\" data-created_by=\"avia_inline_auto\" id=\"style-css-av-ujvrc-766c27684ea22386a85271444475d77b\">\n#top .av-special-heading.av-ujvrc-766c27684ea22386a85271444475d77b{\npadding-bottom:50px;\ncolor:#007a5a;\n}\nbody .av-special-heading.av-ujvrc-766c27684ea22386a85271444475d77b .av-special-heading-tag .heading-char{\nfont-size:25px;\n}\n.av-special-heading.av-ujvrc-766c27684ea22386a85271444475d77b .special-heading-inner-border{\nborder-color:#007a5a;\n}\n.av-special-heading.av-ujvrc-766c27684ea22386a85271444475d77b .av-subheading{\nfont-size:15px;\n}\n<\/style>\n<div  class='av-special-heading av-ujvrc-766c27684ea22386a85271444475d77b av-special-heading-h4 custom-color-heading blockquote modern-quote  avia-builder-el-2  el_before_av_timeline  avia-builder-el-first '><h4 class='av-special-heading-tag'  itemprop=\"headline\"  >Geschichte des Vereins<\/h4><div class=\"special-heading-border\"><div class=\"special-heading-inner-border\"><\/div><\/div><\/div><br \/>\n\n<style type=\"text\/css\" data-created_by=\"avia_inline_auto\" id=\"style-css-av-ok38o-5e1f99ff9ecd7c00c4d31f85f3204f7b\">\n.avia-timeline-container.av-ok38o-5e1f99ff9ecd7c00c4d31f85f3204f7b .av-milestone-date{\ncolor:#007a59;\n}\n.avia-timeline-container.av-ok38o-5e1f99ff9ecd7c00c4d31f85f3204f7b .av-milestone-content{\nfont-size:16px;\n}\n.avia-timeline-container.av-ok38o-5e1f99ff9ecd7c00c4d31f85f3204f7b .av-milestone-icon-inner{\nbackground-color:#007a59;\n}\n.avia-timeline-container.av-ok38o-5e1f99ff9ecd7c00c4d31f85f3204f7b .av-milestone-indicator{\nbackground-color:#007a59;\n}\n.avia-timeline-container.av-ok38o-5e1f99ff9ecd7c00c4d31f85f3204f7b .av-milestone-article-footer{\nbackground-color:#007a59;\n}\n<\/style>\n<div  id=\"avia-timeline-1\"  class='avia-timeline-container av-ok38o-5e1f99ff9ecd7c00c4d31f85f3204f7b av-slideshow-ui  avia-builder-el-3  el_after_av_heading  avia-builder-el-last ' ><ul class='avia-timeline avia-timeline-vertical av-milestone-placement-alternate avia-timeline- avia_animate_when_almost_visible avia-timeline-animate'>\n<li  class='av-milestone av-k0j4g-23997b79edbc533cf0839273fcf196a6 av-animated-generic fade-in av-milestone-valign-middle av-milestone-odd'><h2 class='av-milestone-date ' id='milestone-07-1980'><strong>07\/1980<span class='av-milestone-indicator'><\/span><\/strong><\/h2><div class=\"av-milestone-icon-wrap\"><span class='av-milestone-icon milestone_icon avia-font-entypo-fontello'><span class='av-milestone-icon-inner milestone_inner'><i class='milestone-char' aria-hidden='true' data-av_icon='' data-av_iconfont='entypo-fontello'><\/i><\/span><\/span><\/div><article class='av-milestone-content-wrap'><div class='av-milestone-contentbox'><div class='av-milestone-content'><p style=\"font-weight: 400;\">Gr\u00fcndung des Vereins &#8222;IONA Wohngemeinschaften f\u00fcr behinderte Menschen&#8220; mit dem Konzept &#8222;Stadtnahes Wohnen f\u00fcr Menschen mit geistiger Behinderung in familien-\u00e4hnlicher Wohnstruktur&#8220; (Hauseltern &#8211; Prinzip)<\/p>\n<p style=\"font-weight: 400;\">Vorbereitungen und Instandsetzung Haus Iona<\/p>\n<\/div><\/div><footer class='av-milestone-article-footer entry-footer'><\/footer><\/article><\/li>\n<li  class='av-milestone av-h42bk-b3ccf3e3a33b1ce6a9f975a118910a6a av-animated-generic fade-in av-milestone-valign-middle av-milestone-even'><h2 class='av-milestone-date ' id='milestone-11-1983'><strong>11\/1983<span class='av-milestone-indicator'><\/span><\/strong><\/h2><article class='av-milestone-content-wrap'><div class='av-milestone-contentbox'><div class='av-milestone-content'><p style=\"font-weight: 400;\">Inbetriebnahme Haus Iona, Platzhoffstr. 25<\/p>\n<\/div><\/div><footer class='av-milestone-article-footer entry-footer'><\/footer><\/article><div class=\"av-milestone-icon-wrap\"><span class='av-milestone-icon milestone_icon avia-font-entypo-fontello'><span class='av-milestone-icon-inner milestone_inner'><i class='milestone-char' aria-hidden='true' data-av_icon='\ue841' data-av_iconfont='entypo-fontello'><\/i><\/span><\/span><\/div><h2 class='av-milestone-date ' id='milestone-11-1983'><strong>11\/1983<span class='av-milestone-indicator'><\/span><\/strong><\/h2><\/li>\n<li  class='av-milestone av-h42bk-14-7200c39efda907543b879f6830b5de7b av-animated-generic fade-in av-milestone-valign-middle av-milestone-odd'><h2 class='av-milestone-date ' id='milestone-01-1988'><strong>01\/1988<span class='av-milestone-indicator'><\/span><\/strong><\/h2><div class=\"av-milestone-icon-wrap\"><span class='av-milestone-icon milestone_icon avia-font-entypo-fontello'><span class='av-milestone-icon-inner milestone_inner'><i class='milestone-char' aria-hidden='true' data-av_icon='\ue841' data-av_iconfont='entypo-fontello'><\/i><\/span><\/span><\/div><article class='av-milestone-content-wrap'><div class='av-milestone-contentbox'><div class='av-milestone-content'><p style=\"font-weight: 400;\">Inbetriebnahme Haus Columban, Goebenstr. 20<\/p>\n<\/div><\/div><footer class='av-milestone-article-footer entry-footer'><\/footer><\/article><\/li>\n<li  class='av-milestone av-h42bk-13-b72f5efacbd89733347a2c065a0519b5 av-animated-generic fade-in av-milestone-valign-baseline av-milestone-even'><h2 class='av-milestone-date ' id='milestone-01-1996'><strong>01\/1996<span class='av-milestone-indicator'><\/span><\/strong><\/h2><article class='av-milestone-content-wrap'><div class='av-milestone-contentbox'><div class='av-milestone-content'><p style=\"font-weight: 400;\">Inbetriebnahme Helmut-Reimer-Haus, Bismarckstr. 69<\/p>\n<\/div><\/div><footer class='av-milestone-article-footer entry-footer'><\/footer><\/article><div class=\"av-milestone-icon-wrap\"><span class='av-milestone-icon milestone_icon avia-font-entypo-fontello'><span class='av-milestone-icon-inner milestone_inner'><i class='milestone-char' aria-hidden='true' data-av_icon='\ue841' data-av_iconfont='entypo-fontello'><\/i><\/span><\/span><\/div><h2 class='av-milestone-date ' id='milestone-01-1996'><strong>01\/1996<span class='av-milestone-indicator'><\/span><\/strong><\/h2><\/li>\n<li  class='av-milestone av-h42bk-12-11afbb8b732f7d901110baf7f84a4f04 av-animated-generic fade-in av-milestone-valign-middle av-milestone-odd'><h2 class='av-milestone-date ' id='milestone-02-2001'><strong>02\/2001<span class='av-milestone-indicator'><\/span><\/strong><\/h2><div class=\"av-milestone-icon-wrap\"><span class='av-milestone-icon milestone_icon avia-font-entypo-fontello'><span class='av-milestone-icon-inner milestone_inner'><i class='milestone-char' aria-hidden='true' data-av_icon='\ue841' data-av_iconfont='entypo-fontello'><\/i><\/span><\/span><\/div><article class='av-milestone-content-wrap'><div class='av-milestone-contentbox'><div class='av-milestone-content'><p style=\"font-weight: 400;\">Konzeptioneller Neustart im Helmut-Reimer-Haus: vom Hauseltern-Prinzip zum Team-Prinzip mit Hausleitung<\/p>\n<\/div><\/div><footer class='av-milestone-article-footer entry-footer'><\/footer><\/article><\/li>\n<li  class='av-milestone av-h42bk-11-eff024b7d86e18c1334c392048bb2276 av-animated-generic fade-in av-milestone-valign-middle av-milestone-even'><h2 class='av-milestone-date ' id='milestone-04-2004'><strong>04\/2004<span class='av-milestone-indicator'><\/span><\/strong><\/h2><article class='av-milestone-content-wrap'><div class='av-milestone-contentbox'><div class='av-milestone-content'><p style=\"font-weight: 400;\">Namens\u00e4nderung des Vereins in &#8222;IONA Lebensgemeinschaften f\u00fcr Menschen mit Behinderungen e.V.&#8220;<\/p>\n<\/div><\/div><footer class='av-milestone-article-footer entry-footer'><\/footer><\/article><div class=\"av-milestone-icon-wrap\"><span class='av-milestone-icon milestone_icon avia-font-entypo-fontello'><span class='av-milestone-icon-inner milestone_inner'><i class='milestone-char' aria-hidden='true' data-av_icon='\ue841' data-av_iconfont='entypo-fontello'><\/i><\/span><\/span><\/div><h2 class='av-milestone-date ' id='milestone-04-2004'><strong>04\/2004<span class='av-milestone-indicator'><\/span><\/strong><\/h2><\/li>\n<li  class='av-milestone av-h42bk-10-1bb47ed0d1b0f65b4b97feccf367b754 av-animated-generic fade-in av-milestone-valign-middle av-milestone-odd'><h2 class='av-milestone-date ' id='milestone-04-2005'><strong>04\/2005<span class='av-milestone-indicator'><\/span><\/strong><\/h2><div class=\"av-milestone-icon-wrap\"><span class='av-milestone-icon milestone_icon avia-font-entypo-fontello'><span class='av-milestone-icon-inner milestone_inner'><i class='milestone-char' aria-hidden='true' data-av_icon='\ue841' data-av_iconfont='entypo-fontello'><\/i><\/span><\/span><\/div><article class='av-milestone-content-wrap'><div class='av-milestone-contentbox'><div class='av-milestone-content'><p style=\"font-weight: 400;\">Kauf, Renovierung und Umbau Haus Beltane, Barbarossastra\u00dfe 2 &#038; Umzug der Gesch\u00e4ftsstelle von Haus Columban in Haus Beltane<\/p>\n<\/div><\/div><footer class='av-milestone-article-footer entry-footer'><\/footer><\/article><\/li>\n<li  class='av-milestone av-h42bk-9-a720b99d10c1935e00897b233f239e82 av-animated-generic fade-in av-milestone-valign-middle av-milestone-even'><h2 class='av-milestone-date ' id='milestone-06-2007'><strong>06\/2007<span class='av-milestone-indicator'><\/span><\/strong><\/h2><article class='av-milestone-content-wrap'><div class='av-milestone-contentbox'><div class='av-milestone-content'><p style=\"font-weight: 400;\">Inbetriebnahme Haus Beltane &#038; Vereinsinterne Tagesstruktur zur Betreuung unserer Rentner*innen<\/p>\n<\/div><\/div><footer class='av-milestone-article-footer entry-footer'><\/footer><\/article><div class=\"av-milestone-icon-wrap\"><span class='av-milestone-icon milestone_icon avia-font-entypo-fontello'><span class='av-milestone-icon-inner milestone_inner'><i class='milestone-char' aria-hidden='true' data-av_icon='\ue841' data-av_iconfont='entypo-fontello'><\/i><\/span><\/span><\/div><h2 class='av-milestone-date ' id='milestone-06-2007'><strong>06\/2007<span class='av-milestone-indicator'><\/span><\/strong><\/h2><\/li>\n<li  class='av-milestone av-h42bk-8-77a8203a3bce820e11615e71dc9f4a56 av-animated-generic fade-in av-milestone-valign-middle av-milestone-odd'><h2 class='av-milestone-date ' id='milestone-ab-2008'><strong>ab 2008<span class='av-milestone-indicator'><\/span><\/strong><\/h2><div class=\"av-milestone-icon-wrap\"><span class='av-milestone-icon milestone_icon avia-font-entypo-fontello'><span class='av-milestone-icon-inner milestone_inner'><i class='milestone-char' aria-hidden='true' data-av_icon='\ue841' data-av_iconfont='entypo-fontello'><\/i><\/span><\/span><\/div><article class='av-milestone-content-wrap'><div class='av-milestone-contentbox'><div class='av-milestone-content'><p style=\"font-weight: 400;\">Grundst\u00fccksuche f\u00fcr den Bau eines neuen Geb\u00e4udes zum Abbau der Doppelzimmer in den bestehenden Wohnh\u00e4usern<\/p>\n<\/div><\/div><footer class='av-milestone-article-footer entry-footer'><\/footer><\/article><\/li>\n<li  class='av-milestone av-h42bk-7-0ab826ef15113ba34937154c65a7ee4f av-animated-generic fade-in av-milestone-valign-middle av-milestone-even'><h2 class='av-milestone-date ' id='milestone-10-2013'><strong>10\/2013<span class='av-milestone-indicator'><\/span><\/strong><\/h2><article class='av-milestone-content-wrap'><div class='av-milestone-contentbox'><div class='av-milestone-content'><p style=\"font-weight: 400;\">Eine Stelle als P\u00e4dagogische Leitung wird geschaffen und besetzt<\/p>\n<\/div><\/div><footer class='av-milestone-article-footer entry-footer'><\/footer><\/article><div class=\"av-milestone-icon-wrap\"><span class='av-milestone-icon milestone_icon avia-font-entypo-fontello'><span class='av-milestone-icon-inner milestone_inner'><i class='milestone-char' aria-hidden='true' data-av_icon='\ue841' data-av_iconfont='entypo-fontello'><\/i><\/span><\/span><\/div><h2 class='av-milestone-date ' id='milestone-10-2013'><strong>10\/2013<span class='av-milestone-indicator'><\/span><\/strong><\/h2><\/li>\n<li  class='av-milestone av-h42bk-6-3dfeca7b4f4baf24b195e7b4a70cf61d av-animated-generic fade-in av-milestone-valign-middle av-milestone-odd'><h2 class='av-milestone-date ' id='milestone-02-2014'><strong>02\/2014<span class='av-milestone-indicator'><\/span><\/strong><\/h2><div class=\"av-milestone-icon-wrap\"><span class='av-milestone-icon milestone_icon avia-font-entypo-fontello'><span class='av-milestone-icon-inner milestone_inner'><i class='milestone-char' aria-hidden='true' data-av_icon='\ue841' data-av_iconfont='entypo-fontello'><\/i><\/span><\/span><\/div><article class='av-milestone-content-wrap'><div class='av-milestone-contentbox'><div class='av-milestone-content'><p style=\"font-weight: 400;\">Erweiterung unseres bisherigen Angebots um ambulant Betreutes Wohnen (BeWo)<\/p>\n<\/div><\/div><footer class='av-milestone-article-footer entry-footer'><\/footer><\/article><\/li>\n<li  class='av-milestone av-h42bk-5-1fdb4d6cd8b627ba4184c81f163b25e9 av-animated-generic fade-in av-milestone-valign-middle av-milestone-even'><h2 class='av-milestone-date ' id='milestone-04-2016'><strong>04\/2016<span class='av-milestone-indicator'><\/span><\/strong><\/h2><article class='av-milestone-content-wrap'><div class='av-milestone-contentbox'><div class='av-milestone-content'><p style=\"font-weight: 400;\">Beginn der Bauphase f\u00fcr Haus Ostara, Harmoniestr. 10<\/p>\n<\/div><\/div><footer class='av-milestone-article-footer entry-footer'><\/footer><\/article><div class=\"av-milestone-icon-wrap\"><span class='av-milestone-icon milestone_icon avia-font-entypo-fontello'><span class='av-milestone-icon-inner milestone_inner'><i class='milestone-char' aria-hidden='true' data-av_icon='\ue841' data-av_iconfont='entypo-fontello'><\/i><\/span><\/span><\/div><h2 class='av-milestone-date ' id='milestone-04-2016'><strong>04\/2016<span class='av-milestone-indicator'><\/span><\/strong><\/h2><\/li>\n<li  class='av-milestone av-h42bk-4-28d6e99905eeb8dbb6eaed6f4f753a71 av-animated-generic fade-in av-milestone-valign-middle av-milestone-odd'><h2 class='av-milestone-date ' id='milestone-09-2017'><strong>09\/2017<span class='av-milestone-indicator'><\/span><\/strong><\/h2><div class=\"av-milestone-icon-wrap\"><span class='av-milestone-icon milestone_icon avia-font-entypo-fontello'><span class='av-milestone-icon-inner milestone_inner'><i class='milestone-char' aria-hidden='true' data-av_icon='\ue841' data-av_iconfont='entypo-fontello'><\/i><\/span><\/span><\/div><article class='av-milestone-content-wrap'><div class='av-milestone-contentbox'><div class='av-milestone-content'><p style=\"font-weight: 400;\">Gr\u00fcndung der Liegenschaftsverwaltung<\/p>\n<\/div><\/div><footer class='av-milestone-article-footer entry-footer'><\/footer><\/article><\/li>\n<li  class='av-milestone av-h42bk-3-5339be90525e03f13f1a39040bbdc867 av-animated-generic fade-in av-milestone-valign-middle av-milestone-even'><h2 class='av-milestone-date ' id='milestone-03-2018'><strong>03\/2018<span class='av-milestone-indicator'><\/span><\/strong><\/h2><article class='av-milestone-content-wrap'><div class='av-milestone-contentbox'><div class='av-milestone-content'><p style=\"font-weight: 400;\">Inbetriebnahme Haus Ostara: Einzug von 24 Bewohner*innen aus dem Haus Iona, Haus Columban und aus dem Helmut-Reimer-Haus;  <span style=\"font-weight: 400;\">ab sofort steht jedem Bewohner \/ jeder Bewohnerin im Verein ein Einzelzimmer zur Verf\u00fcgung<\/span><\/p>\n<\/div><\/div><footer class='av-milestone-article-footer entry-footer'><\/footer><\/article><div class=\"av-milestone-icon-wrap\"><span class='av-milestone-icon milestone_icon avia-font-entypo-fontello'><span class='av-milestone-icon-inner milestone_inner'><i class='milestone-char' aria-hidden='true' data-av_icon='\ue841' data-av_iconfont='entypo-fontello'><\/i><\/span><\/span><\/div><h2 class='av-milestone-date ' id='milestone-03-2018'><strong>03\/2018<span class='av-milestone-indicator'><\/span><\/strong><\/h2><\/li>\n<li  class='av-milestone av-h42bk-1-b1ecf2225cb86d204e846cff83e2aff9 av-animated-generic fade-in av-milestone-valign-middle av-milestone-odd'><h2 class='av-milestone-date ' id='milestone-07-2018'><strong>07\/2018<span class='av-milestone-indicator'><\/span><\/strong><\/h2><div class=\"av-milestone-icon-wrap\"><span class='av-milestone-icon milestone_icon avia-font-entypo-fontello'><span class='av-milestone-icon-inner milestone_inner'><i class='milestone-char' aria-hidden='true' data-av_icon='\ue841' data-av_iconfont='entypo-fontello'><\/i><\/span><\/span><\/div><article class='av-milestone-content-wrap'><div class='av-milestone-contentbox'><div class='av-milestone-content'><p style=\"font-weight: 400;\">Beginn der Bauphase f\u00fcr den 2. Neubau, Harmoniestr. 12<\/p>\n<\/div><\/div><footer class='av-milestone-article-footer entry-footer'><\/footer><\/article><\/li>\n<li  class='av-milestone av-h42bk-2-4da04c663a018b925202a0afb429796c av-animated-generic fade-in av-milestone-valign-middle av-milestone-even'><h2 class='av-milestone-date ' id='milestone-06-2020'><strong>06\/2020<span class='av-milestone-indicator'><\/span><\/strong><\/h2><article class='av-milestone-content-wrap'><div class='av-milestone-contentbox'><div class='av-milestone-content'><p style=\"font-weight: 400;\">Erweiterung unseres BeWo-Angebotes in der Harmoniestr. 12<\/p>\n<\/div><\/div><footer class='av-milestone-article-footer entry-footer'><\/footer><\/article><div class=\"av-milestone-icon-wrap\"><span class='av-milestone-icon milestone_icon avia-font-entypo-fontello'><span class='av-milestone-icon-inner milestone_inner'><i class='milestone-char' aria-hidden='true' data-av_icon='\ue841' data-av_iconfont='entypo-fontello'><\/i><\/span><\/span><\/div><h2 class='av-milestone-date ' id='milestone-06-2020'><strong>06\/2020<span class='av-milestone-indicator'><\/span><\/strong><\/h2><\/li>\n<li  class='av-milestone av-h42bk-2-2-26d4939a46f8217d3c59216fc6c65c85 av-animated-generic fade-in av-milestone-valign-middle av-milestone-odd'><h2 class='av-milestone-date ' id='milestone-07-2020'><strong>07\/2020<span class='av-milestone-indicator'><\/span><\/strong><\/h2><div class=\"av-milestone-icon-wrap\"><span class='av-milestone-icon milestone_icon avia-font-entypo-fontello'><span class='av-milestone-icon-inner milestone_inner'><i class='milestone-char' aria-hidden='true' data-av_icon='\ue841' data-av_iconfont='entypo-fontello'><\/i><\/span><\/span><\/div><article class='av-milestone-content-wrap'><div class='av-milestone-contentbox'><div class='av-milestone-content'><p>Umzug der Verwaltung in die Harmoniestr. 12<\/p>\n<\/div><\/div><footer class='av-milestone-article-footer entry-footer'><\/footer><\/article><\/li>\n<li  class='av-milestone av-h42bk-2-1-b8ded5730eea3bd439cfff5d0b3e802f av-animated-generic fade-in av-milestone-valign-middle av-milestone-even'><h2 class='av-milestone-date ' id='milestone-12-2020'><strong>12\/2020<span class='av-milestone-indicator'><\/span><\/strong><\/h2><article class='av-milestone-content-wrap'><div class='av-milestone-contentbox'><div class='av-milestone-content'><p>Eine Springerstelle im Betreuungsbereich wird geschaffen und besetzt<\/p>\n<\/div><\/div><footer class='av-milestone-article-footer entry-footer'><\/footer><\/article><div class=\"av-milestone-icon-wrap\"><span class='av-milestone-icon milestone_icon avia-font-entypo-fontello'><span class='av-milestone-icon-inner milestone_inner'><i class='milestone-char' aria-hidden='true' data-av_icon='\ue841' data-av_iconfont='entypo-fontello'><\/i><\/span><\/span><\/div><h2 class='av-milestone-date ' id='milestone-12-2020'><strong>12\/2020<span class='av-milestone-indicator'><\/span><\/strong><\/h2><\/li>\n<li  class='av-milestone av-h42bk-1-3-06145268baf63b5d73381f035d88a0c3 av-animated-generic fade-in av-milestone-valign-middle av-milestone-odd'><h2 class='av-milestone-date ' id='milestone-01-2022'><strong>01\/2022<span class='av-milestone-indicator'><\/span><\/strong><\/h2><div class=\"av-milestone-icon-wrap\"><span class='av-milestone-icon milestone_icon avia-font-entypo-fontello'><span class='av-milestone-icon-inner milestone_inner'><i class='milestone-char' aria-hidden='true' data-av_icon='\ue841' data-av_iconfont='entypo-fontello'><\/i><\/span><\/span><\/div><article class='av-milestone-content-wrap'><div class='av-milestone-contentbox'><div class='av-milestone-content'><p style=\"font-weight: 400;\">Wechsel zur heutigen Gesch\u00e4ftsf\u00fchrung mit Verlegung der Gesch\u00e4ftsstelle in die Harmoniestr. 12<\/p>\n<\/div><\/div><footer class='av-milestone-article-footer entry-footer'><\/footer><\/article><\/li>\n<\/ul><\/div><\/p><\/div>\n","protected":false},"excerpt":{"rendered":"","protected":false},"author":1,"featured_media":0,"parent":0,"menu_order":0,"comment_status":"closed","ping_status":"closed","template":"","meta":{"footnotes":""},"class_list":["post-104","page","type-page","status-publish","hentry"],"_links":{"self":[{"href":"https:\/\/iona-wuppertal.de\/iona\/wp-json\/wp\/v2\/pages\/104","targetHints":{"allow":["GET"]}}],"collection":[{"href":"https:\/\/iona-wuppertal.de\/iona\/wp-json\/wp\/v2\/pages"}],"about":[{"href":"https:\/\/iona-wuppertal.de\/iona\/wp-json\/wp\/v2\/types\/page"}],"author":[{"embeddable":true,"href":"https:\/\/iona-wuppertal.de\/iona\/wp-json\/wp\/v2\/users\/1"}],"replies":[{"embeddable":true,"href":"https:\/\/iona-wuppertal.de\/iona\/wp-json\/wp\/v2\/comments?post=104"}],"version-history":[{"count":5,"href":"https:\/\/iona-wuppertal.de\/iona\/wp-json\/wp\/v2\/pages\/104\/revisions"}],"predecessor-version":[{"id":351,"href":"https:\/\/iona-wuppertal.de\/iona\/wp-json\/wp\/v2\/pages\/104\/revisions\/351"}],"wp:attachment":[{"href":"https:\/\/iona-wuppertal.de\/iona\/wp-json\/wp\/v2\/media?parent=104"}],"curies":[{"name":"wp","href":"https:\/\/api.w.org\/{rel}","templated":true}]}}